4*u + 4, -2*h + h + v*u = 5. Suppose h = 5*p - 2 - 13. What is the units digit of p?
3
Suppose 4*j = 212 + 304. What is the hundreds digit of j?
1
Let a(n) = n**3 + 4*n**2 - 2*n - 6. Let y be a(-4). Let v be (10*1)/(-1) + y. Let t = -4 - v. What is the units digit of t?
4
Let h(z) = 3*z**2 - 7*z + 6. What is the units digit of h(5)?
6
Let s be (-1)/2*(1 - 9). What is the tens digit of 3/(-6)*s + 17?
1
Let p(g) be the second derivative of g**3 - 2*g**2 + 8*g. What is the units digit of p(2)?
8
Suppose 2*v = -0*v + 2. Let t = 4 - v. Suppose 8 = -3*m + t*c + 32, 0 = -2*m - c + 13. What is the units digit of m?
7
Let b(v) = -v - 6. Let q be b(-5). Let k be q + 7 + 1 + 1. Suppose 0 = 4*a - 2*z - 24, 0 = -2*z - k. What is the units digit of a?
4
Suppose k - 3 + 2 = 0. Let t = 23 - k. What is the units digit of t?
2
Let c = 19 + 6. Let z = -19 + c. What is the units digit of z?
6
Let l(r) = 1. Let n(q) = -q + 9. Let i(x) = -4*l(x) + n(x). Let z be i(5). Suppose z = -2*d + 4. What is the units digit of d?
2
Let v be 18 + 1 + (-2)/1. Let m = 5 + -2. Suppose v = 5*d + 2*b - 65, 3*d = m*b + 45. What is the units digit of d?
6
Let y = -5 + 39. What is the tens digit of y?
3
Let r be 104/28 - 4/(-14). Let g(z) = -z - 3*z + 6*z. What is the units digit of g(r)?
8
Suppose -3*w - 17 = 34. Let m = w + 36. What is the tens digit of m?
1
Suppose -4*z - 20 = 0, 3*y - y - 4*z = 138. What is the units digit of y?
9
Suppose -68 + 18 = -5*c. Suppose 0 = 2*w - w + c. Let a(m) = -m**2 - 11*m - 2. What is the units digit of a(w)?
8
Suppose t + 3*t - 344 = -4*v, -4*v + t = -324. What is the tens digit of v?
8
Let k = 56 - 35. What is the units digit of k?
1
Let y be 5*2*2/4. Let k be y/2*(-6)/(-5). Suppose -5*w + f = -15, -k*w + 2*w + 3 = -4*f. What is the units digit of w?
3
Let d(c) = c**3 + 9*c**2 - 10*c + 2. Let a(j) = -8*j - 2. Let y be a(1). What is the units digit of d(y)?
2
Let c = 39 + 64. What is the tens digit of c?
0
Suppose -18 = -z + 2. Suppose -3*k - k + 16 = 2*b, b + 5*k = z. Suppose 4*w = 2*x - b*x + 12, -5*w + 3*x = -15. What is the units digit of w?
3
Let r(z) = -4*z**3 + 6*z + 5*z**2 + 2*z**2 + 3*z**3. Let p be r(7). What is the units digit of ((-2)/3)/((-4)/p)?
7
Let j = 3 + -6. Let o = 1 - j. Suppose 27 = 2*n - u, -2*n + 24 + 18 = -o*u. What is the tens digit of n?
1
Suppose -f - 3 + 4 = 0. Let g be (-2)/8 + (-50)/(-8). What is the units digit of 58/g + f/3?
0
Let i(y) = -y**3 + 4*y**2 + 5*y + 14. Let p be i(6). Let v = p - -43. What is the units digit of v?
5
Let p(q) = 10*q - 12. What is the units digit of p(6)?
8
Let d(w) = -2*w + 5. Let j be d(4). What is the tens digit of 2*((-90)/4)/j?
1
Let q(s) = s**2 - 8*s - 5. Let t be q(6). Let m = t - -11. Let v = 2 - m. What is the units digit of v?
8
Suppose -2*t - 6 = -0*s + 4*s, 15 = s - 5*t. Suppose s*a - 3*a = -60. What is the tens digit of a?
2
Let x be (-42)/4*12/18. Let y = x - -17. What is the units digit of y?
0
Suppose 4*f - 256 = 124. What is the units digit of f?
5
Let p be (-2 - -5)/((-1)/(-1)). Let x be ((-4)/p)/((-2)/33). Suppose 0 = 3*l - 32 - x. What is the tens digit of l?
1
Suppose -3*r - 2*c = -469, -c = 2*r - 0*r - 311. What is the hundreds digit of r?
1
Let b(m) = -2*m**2 - 2*m + 5. Let i be b(-6). Let r = -25 - i. What is the tens digit of r?
3
Let g(u) = u**2 - 3*u - 5. Let v be g(-5). Let x = v - 2. Suppose -4*a - 1 = -x. What is the units digit of a?
8
Let w(d) = 4*d**2 - 2*d - 2. Let n(o) = 4*o**2 - 2*o - 1. Let z(a) = 3*n(a) - 2*w(a). What is the units digit of z(1)?
3
Let z(x) be the second derivative of -x**5/20 + x**4/12 - x**3/6 + 24*x**2 + 3*x. What is the tens digit of z(0)?
4
Let f(h) = h**2 + 15*h + 16. Let z be f(-14). Suppose 0 = 2*l - l. Suppose 2*r - 24 = z*b, l = 5*r - b + 3*b - 25. What is the units digit of r?
7
Let y(t) = 6*t**2 + 2*t + 1. Let a(u) = 6*u + 1. Let p(z) = z. Let r(h) = a(h) - 5*p(h). Let c(m) = -2*r(m) + y(m). What is the units digit of c(-1)?
5
Let h(o) = -o**3 - 5*o**2 + 20*o + 6. What is the tens digit of h(-8)?
3
Suppose 2*l = 114 + 6. What is the tens digit of l?
6
Suppose -3*s - 1 = -2*d, -4*s - 32 = 8*d - 3*d. Let a be d/(-14) - 304/(-14). Suppose a = 5*r - 3. What is the units digit of r?
5
Let i = -5 - -8. Let z(c) = -2*c + 0*c**2 - 3*c**3 + 4*c**3 - 2*c**2 + 4. What is the units digit of z(i)?
7
What is the units digit of 225/3 + (-4 - -1)?
2
Let l = 50 + -33. Let t = 10 - l. What is the units digit of (8/(-10))/(t/105)?
2
Suppose 0 = 2*f - 3*a + 9, -a = 4*f - f - 14. Let m = 5 - f. What is the tens digit of m/(1*2/13)?
1
Let t = -6 + 6. Suppose n - 4 = t, -y + 0*y = 4*n - 50. What is the tens digit of y?
3
Suppose 2*c + 0*c = 48. Suppose 20 = y + 2*b, 3*y - b - 2*b - c = 0. What is the units digit of (-2)/(3/y*-2)?
4
Suppose -3*y - 49 = -13. Let w be (-1)/(-4) + 3/y. Suppose -2*v + 3 + 1 = w. What is the units digit of v?
2
Let y(o) = 28*o**2. What is the units digit of y(1)?
8
Suppose 2*l - j - 126 = 0, -2*l + 310 = 3*l - 5*j. What is the units digit of l?
4
Let n = -2 - -2. Let w be (0 - 36)*1/(-2). Suppose n = 2*q + q - w. What is the units digit of q?
6
Suppose -5*x - 2*o + 1 = 0, 0 = 2*x - 2*o - o - 8. Let w = x - -11. What is the units digit of w?
2
Let z = 65 - 24. What is the tens digit of z?
4
Let o be 4 - ((-2)/2 - -1). Let j(a) = 15*a - 7. What is the units digit of j(o)?
3
Let v(h) = -6*h - 2. Let c be v(-3). Suppose -4 = -5*n + c. Suppose -n*f - 8 = -3*x + 6*x, 0 = 2*f - 2*x - 10. What is the units digit of f?
1
What is the units digit of -4 + (0 - -2 - -68)?
6
Let q(i) = -i - 1. Let h = -10 + 7. What is the units digit of q(h)?
2
Let f(q) = -q**3 - 6*q**2 - 3*q + 7. Let z be f(-5). Let k be z/3 + 6*-1. Let m(t) = -t**3 - 6*t**2 + 8*t + 10. What is the units digit of m(k)?
3
Let r(w) = 15*w**2 + 4*w + 7. What is the tens digit of r(3)?
5
Suppose 201 = c - 3. Suppose 0*f = 4*f - c. What is the units digit of f?
1
Suppose 5*m - 3*x - 106 = -5*x, 4*m = -4*x + 92. What is the units digit of ((-65)/m)/(3/(-24))?
6
Let x(y) be the first derivative of 4*y**3/3 - y**2/2 - y - 2. What is the tens digit of x(2)?
1
Let s = 314 - 112. What is the hundreds digit of s?
2
Let a(y) = y**2 - 10*y - 2. Let k be a(7). Let m = 40 + k. Suppose -5*b + 5 = 0, -g - 3*g - b + m = 0. What is the units digit of g?
4
Suppose -2 + 20 = -3*w. Let j = 32 + w. What is the tens digit of j?
2
Let x(q) = -q**2 + 11*q - 6. Let s be x(9). Suppose 2*v - s = -v. What is the units digit of v?
4
Suppose 3*d + 9 = 3. Let w(x) = -3*x**3 - 2*x**2 - 4*x - 3. What is the units digit of w(d)?
1
Suppose c = -3*a + 7 - 3, 4*a = -3*c + 12. Let j = c + -2. What is the units digit of j?
2
Suppose 0 = -w - w + 22. Suppose 2*a - l + 4*l + w = 0, 0 = 2*a + 2*l + 6. What is the units digit of a?
2
Let h = -11 + 29. What is the tens digit of h?
1
What is the units digit of 23/5 + (-12)/(-30)?
5
Suppose 4*o = k + 17, 3*o + 17 = k - 2*k. Let u = 12 - 22. Let s = u - k. What is the units digit of s?
7
Let i be 4/3*(-6)/(-4). Let x be (-1)/(2/(-24)*i). Let m(t) = t**2 - 5*t + 1. What is the units digit of m(x)?
7
Suppose 4 = -3*a + 7. Suppose k + a = 2. What is the units digit of k?
1
Let i(u) = 2*u**2 + 6*u + 18. Let p be i(-8). What is the tens digit of 268/7 - 28/p?
3
Let i(s) = 2*s**2 + 4*s - 7. Let m be i(-5). Suppose -y + r + 0*r = -8, -m = -y + 4*r. What is the units digit of y - (2 + 1 + -4)?
4
Let d(x) be the first derivative of x**3/3 + x**2 - x + 2. Let g be d(-3). Suppose -g*m - 8 = -4*m. What is the units digit of m?
4
Let c(w) be the second derivative of w**4/12 + 5*w**3/3 - 5*w**2 - 4*w. What is the units digit of c(-12)?
4
Suppose z - 4*w = -2*z - 12, 0 = -z + w - 3. Suppose z = 4*i - 3*y - 65, -y = i - 14 + 3. Suppose -2*p + 16 = -i. What is the units digit of p?
5
Suppose -w = w + 4. What is the units digit of (-1 + -1)*(-6 - w)?
8
Suppose -2*i - n = -64, n - 1 = -i + 32. What is the units digit of i?
1
Let p(h) = 51*h - 4. Let k(f) = 13*f - 1. Let w(c) = 9*k(c) - 2*p(c). What is the tens digit of w(1)?
1
Suppose 3*l = -v + 193 + 120, 1605 = 5*v - 5*l. What is the tens digit of v?
1
Suppose 6 - 2 = -h - 2*b, 32 = 3*h - 5*b. Let g = h + 0. Suppose 9 = g*n - 3. What is the units digit of n?
3
What is the units digit of 1*(-36)/(-7 - -3)?
9
Suppose 0 = 4*x - x 